ens digit of 1198?
9
What is the tens digit of 15736?
3
What is the units digit of 347?
7
What is the thousands digit of 9025?
9
What is the ten thousands digit of 19621?
1
What is the ten thousands digit of 121733?
2
What is the tens digit of 2569?
6
What is the tens digit of 2561?
6
What is the tens digit of 11163?
6
What is the units digit of 6328?
8
What is the thousands digit of 20968?
0
What is the hundreds digit of 931?
9
What is the thousands digit of 2426?
2
What is the hundreds digit of 773?
7
What is the units digit of 10919?
9
What is the tens digit of 1083?
8
What is the tens digit of 145403?
0
What is the hundreds digit of 337?
3
What is the units digit of 681?
1
What is the thousands digit of 6509?
6
What is the units digit of 5659?
9
What is the thousands digit of 2588?
2
What is the tens digit of 2082?
8
What is the thousands digit of 5548?
5
What is the units digit of 697?
7
What is the units digit of 884?
4
What is the units digit of 669?
9
What is the hundreds digit of 928?
9
What is the tens digit of 11950?
5
What is the units digit of 3264?
4
What is the thousands digit of 9489?
9
What is the units digit of 32494?
4
What is the hundreds digit of 227?
2
What is the tens digit of 3896?
9
What is the ten thousands digit of 102766?
0
What is the hundreds digit of 58820?
8
What is the thousands digit of 69027?
9
What is the tens digit of 12379?
7
What is the units digit of 677?
7
What is the thousands digit of 125191?
5
What is the hundreds digit of 235?
2
What is the thousands digit of 32361?
2
What is the tens digit of 6381?
8
What is the tens digit of 1700?
0
What is the tens digit of 503?
0
What is the thousands digit of 6274?
6
What is the units digit of 25859?
9
What is the tens digit of 148?
4
What is the thousands digit of 2467?
2
What is the hundreds digit of 1748?
7
What is the hundreds digit of 639?
6
What is the units digit of 19968?
8
What is the tens digit of 235?
3
What is the units digit of 561?
1
What is the thousands digit of 35952?
5
What is the hundreds digit of 1935?
9
What is the hundreds digit of 399?
3
What is the units digit of 809?
9
What is the units digit of 2487?
7
What is the tens digit of 62315?
1
What is the tens digit of 2844?
4
What is the tens digit of 1377?
7
What is the thousands digit of 1546?
1
What is the thousands digit of 190356?
0
What is the thousands digit of 48057?
8
What is the thousands digit of 13841?
3
What is the units digit of 14171?
1
What is the units digit of 1007?
7
What is the tens digit of 31872?
7
What is the thousands digit of 9119?
9
What is the units digit of 100955?
5
What is the tens digit of 337?
3
What is the hundreds digit of 1620?
6
What is the thousands digit of 23002?
3
What is the thousands digit of 8785?
8
What is the hundreds digit of 690?
6
What is the tens digit of 69165?
6
What is the thousands digit of 19062?
9
What is the units digit of 999?
9
What is the tens digit of 67973?
7
What is the units digit of 1320?
0
What is the units digit of 19547?
7
What is the hundreds digit of 346?
3
What is the tens digit of 199?
9
What is the thousands digit of 4992?
4
What is the ten thousands digit of 40934?
4
What is the thousands digit of 1531?
1
What is the hundreds digit of 1116?
1
What is the ten thousands digit of 16246?
1
What is the hundreds digit of 194?
1
What is the units digit of 612?
2
What is the units digit of 31257?
7
What is the tens digit of 3439?
3
What is the hundreds digit of 737?
7
What is the thousands digit of 40790?
0
What is the tens digit of 624?
2
What is the units digit of 23885?
5
What is the units digit of 3101?
1
What is the hundreds digit of 1758?
7
What is the thousands digit of 4008?
4
What is the ten thousands digit of 50396?
5
What is the hundreds digit of 5399?
3
What is the units digit of 7130?
0
What is the tens digit of 3845?
4
What is the thousands digit of 5715?
5
What is the hundreds digit of 1009?
0
What is the tens digit of 15710?
1
What is the thousands digit of 9302?
9
What is the thousands digit of 100727?
0
What is the hundreds digit of 418?
4
What is the units digit of 2270?
0
What is the units digit of 30413?
3
What is the hundreds digit of 683?
6
What is the units digit of 24312?
2
What is the units digit of 29552?
2
What is the hundreds digit of 17725?
7
What is the ten thousands digit of 70362?
7
What is the thousands digit of 3192?
3
What is the units digit of 35957?
7
What is the hundreds digit of 785?
7
What is the units digit of 29475?
5
What is the hundreds digit of 5633?
6
What is the units digit of 2791?
1
What is the tens digit of 218?
1
What is the tens digit of 735?
3
What is the hundreds digit of 43675?
6
What is the hundreds digit of 404?
4
What is the thousands digit of 81295?
1
What is the hundreds digit of 1048?
0
What is the ten thousands digit of 10291?
1
What is the hundreds digit of 2385?
3
What is the ten thousands digit of 19725?
1
What is the tens digit of 5456?
5
What is the tens digit of 18?
1
What is the thousands digit of 4220?
4
What is the tens digit of 1451?
5
What is the hundreds digit of 11481?
4
What is the thousands digit of 2251?
2
What is the thousands digit of 5750?
5
What is the hundreds digit of 291?
2
What is the units digit of 1025?
5
What is the hundreds digit of 380?
3
What is the units digit of 558?
8
What is the hundreds digit of 1389?
3
What is the thousands digit of 6311?
6
What is the thousands digit of 4796?
4
What is the units digit of 1111?
1
What is the hundreds digit of 1694?
6
What is the tens digit of 41624?
2
What is the ten thousands digit of 12298?
1
What is the hundreds digit of 720?
7
What is the hundreds digit of 1258?
2
What is the tens digit of 7027?
2
What is the tens digit of 1885?
8
What is the hundreds digit of 1272?
2
What is the tens digit of 602?
0
What is the ten thousands digit of 31058?
3
What is the units digit of 410?
0
What is the tens digit of 92?
9
What is the tens digit of 110606?
0
What is the thousands digit of 33565?
3
What is the tens digit of 2292?
9
What is the thousands digit of 1847?
1
What is the thousands digit of 15919?
5
What is the tens digit of 5732?
3
What is the tens digit of 8956?
5
What is the ten thousands digit of 75660?
7
What is the thousands digit of 11121?
1
What is the thousands digit of 2302?
2
What is the thousands digit of 13187?
3
What is the ten thousands digit of 19702?
1
What is the ten thousands digit of 45086?
4
What is the units digit of 1002?
2
What is the tens digit of 227?
2
What is the hundreds digit of 30767?
7
What is the units digit of 635?
5
What is the hundreds digit of 104180?
1
What is the hundreds digit of 4121?
1
What is the units digit of 2416?
6
What is the ten thousands digit of 32657?
3
What is the hundreds digit of 3054?
0
What is the hundreds digit of 2678?
6
What is the tens digit of 6045?
4
What is the thousands digit of 52618?
2
What is the thousands digit of 10292?
0
What is the units digit of 30230?
0
What is the hundreds digit of 24522?
5
What is the hundreds digit of 288?
2
What is the hundreds digit of 126283?
2
What is the units digit of 42082?
2
What is the hundreds digit of 1697?
6
What is the tens digit of 560?
6
What is the tens digit of 14167?
6
What is the thousands digit of 5579?
5
What is the hundreds digit of 9396?
3
What is the units digit of 2969?
9
What is the hundreds digit of 675?
6
What is the units digit of 6692?
2
What is the tens digit of 45667?
6
What is the thousands digit of 2313?
2
What is the tens digit of 1222?
2
What is the units digit of 2724?
4
What is the units digit of 2098?
8
What is the hundreds digit of 13021?
0
What is the hundreds digit of 32831?
8
What is the tens digit of 6299?
9
What is the tens digit of 2435?
3
What is the units digit of 3908?
8
What is the units digit of 1213?
3
What is the tens digit of 13667?
6
What is the hundreds digit of 1513?
5
What is the units digit of 2671?
1
What is the thousands digit of 4533?
4
What is the thousands digit of 58527?
8
What is the thousands digit of 2324?
2
What is the thousands digit of 2633?
2
What is the units digit of 4373?
3
What is the units digit of 25428?
8
What is the hundreds digit of 252?
2
What is the ten thousands digit of 22376?
2
What is the hundreds digit of 6067?
0
Wh